 -26. Is y composite?
False
Let s(v) = -9*v - 3. Let u = -10 + 3. Let w be s(u). Let x = w - 23. Is x a composite number?
False
Let w(x) = x - 4. Let o be w(9). Suppose -3 = o*i - 178. Is i a prime number?
False
Let y = -19 + 21. Suppose 77 = 5*t + y*t. Is t a composite number?
False
Suppose 18343 = 14*k - k. Is k a composite number?
True
Suppose q + 3*q = 2116. Let x = 121 + q. Suppose 5*p + 5*h = x, 2*h + 91 - 224 = -p. Is p a composite number?
False
Suppose -h + 30 = -467. Is h composite?
True
Is (198/54)/(2/138) a composite number?
True
Is ((-170)/(-51))/((-1658)/1662 - -1) a composite number?
True
Let b(v) = 3*v**2 + 13*v + 9. Is b(-6) composite?
True
Let a = 7 - 3. Suppose 0 = a*k, 5*q = 4*k + 5 + 90. Is q a prime number?
True
Let h be (1 + -2)*-288 - 0. Suppose -x + h = 2*l, -5*x = -4*l - 2*x + 586. Is l a composite number?
True
Let g(j) = j**2 + 8*j + 6. Let y be g(-5). Let f = y + 9. Suppose 5*x = 4*t - f*x - 597, -5*x = t - 118. Is t prime?
False
Let m = 163 - 43. Let g(l) = 10*l - 27. Let o be g(11). Let c = m - o. Is c a prime number?
True
Let u(f) = -f**2 + 174. Let i be u(0). Suppose d = -2*r + i, 6*d + 105 = r + 2*d. Is r composite?
False
Let v = -488 - -853. Is v a prime number?
False
Suppose -1352 = -4*g + z, 3*g - 1019 = -z + 3*z. Is g composite?
False
Is ((-8)/2 - -151) + (-2)/(-1) composite?
False
Let s = 120 - 66. Suppose d - 26 = -4*h, -3*d = h - s - 13. Let b = d - 7. Is b prime?
False
Let s(g) = 7*g**3 - 3*g**2 - 10*g + 17. Is s(4) a prime number?
False
Let j be 5/(-1)*(0 + -71). Let z = j - 244. Is z prime?
False
Suppose -2*x + 85 = -r - 217, -16 = 4*r. Is x a composite number?
False
Let k = -19 + 10. Let p(s) = s**3 + 8*s**2 - 10*s - 7. Let v be p(k). Suppose -3*x = 5*i - 125, v*x = -i + 3*i + 62. Is x composite?
True
Suppose -3*p + 1593 - 96 = 0. Is p composite?
False
Suppose 9*t + 5*q = 4*t, 0 = 4*t + 5*q + 4. Suppose -t*p = -0*p - 364. Is p composite?
True
Let i = 720 - 419. Is i a composite number?
True
Let p be 523/(-7) - (-2)/(-7). Let c = -181 + 335. Let q = c + p. Is q composite?
False
Is (-1 - -5) + 68 + -3 a composite number?
True
Suppose 5*c - 4*x - 2 = 0, -3*x = -6*c + 3*c. Suppose -4*j - c = 6. Let s(m) = 7*m**2 + 2*m + 2. Is s(j) a prime number?
False
Let y = -215 + 82. Let f(i) = 3*i + 7. Let w be f(-7). Let t = w - y. Is t prime?
False
Suppose 3412 = 4*r - 5*q, 1097 + 609 = 2*r - 2*q. Is r composite?
False
Let p = -11 + 7. Let x be p + (1 - -1) + 5. Suppose 0*c + x*c = 45. Is c prime?
False
Suppose -9*f = -4*f - 1580. Suppose -4*d - 8 = 2*b + f, 4*b + 4*d = -632. Let c = -77 - b. Is c prime?
False
Suppose 17*u - 2164 = 13*u. Is u a prime number?
True
Let j(h) = 39 - 8*h + 14*h - 8*h. Is j(0) composite?
True
Let c = 527 - -6. Is c a prime number?
False
Suppose j - 124 = 3*j. Let q = j + 150. Let g = -21 + q. Is g composite?
False
Suppose 0 = 5*u - 9*s + 4*s - 3935, -1560 = -2*u - 5*s. Suppose -b - 20 = z - 177, -5*b - z + u = 0. Is b composite?
False
Let d be (-54)/10 + 10/25. Let q = 9 + d. Suppose -q*i = -7*i + 483. Is i prime?
False
Let m(h) = -h**3 + 4*h**2 + 2*h - 3. Let g be m(4). Suppose 4*f - 5*p = g*f - 47, 114 = 2*f + 5*p. Is f prime?
True
Suppose 3*t - 359 = -n, t = 2*n + 3*n + 93. Suppose -2*a + l = -t, 6 + 6 = -3*l. Is a a prime number?
False
Suppose -17*y = -16*y + 65. Suppose -4 = v + 22. Let h = v - y. Is h a composite number?
True
Suppose -5*i + 0 = 25, 3*o - 4*i = 2741. Is o composite?
False
Suppose 310 = 6*d - 5*d. Let c(z) = -4*z**2 + 4*z - 5. Let p be c(-5). Let l = p + d. Is l a composite number?
True
Suppose -n = 3*x - 16 + 2, 2*n - 4*x + 12 = 0. Suppose -n*p + 0*y = -y - 104, 0 = -5*y - 10. Is p prime?
False
Suppose 2450 = 3*j + 506. Suppose -5*m = -j + 163. Is m a composite number?
False
Suppose -u + 20 = 5*x, -3*x + 0*x - 3*u = 0. Is -3*(-44)/12*x prime?
False
Let n(r) = 9*r**3 - 9*r**2 + 5*r - 1. Let b(o) = 8*o**3 - 8*o**2 + 5*o - 1. Let a(p) = 6*b(p) - 5*n(p). Is a(4) a prime number?
True
Let r(v) = 4*v**2 + v. Let q be r(1). Suppose q*y - 2*n = n + 133, -5*y = -5*n - 135. Let c = y - -89. Is c a composite number?
True
Suppose -5*k + 4*t = -291, -5*t + 52 = 2*k - 71. Is k a composite number?
False
Is 3*-1 - (-12064)/16 a composite number?
False
Is ((-30)/10)/((-6)/1594) composite?
False
Suppose 10*q + 134 = 3*u + 5*q, -3*q = 5*u - 280. Let y = 50 + -50. Suppose y*b - u = -b. Is b a composite number?
False
Is 8091/6*(-6)/(-45)*5 a prime number?
False
Let z(k) = 14*k**3 - 3*k**2 - 3*k - 1. Suppose -3*u = -5*u + 6. Is z(u) prime?
False
Let q = 31 - -48. Is q prime?
True
Let c = 10 + -8. Suppose -3*d - c*d = -10. Suppose d*o - 172 = -58. Is o a prime number?
False
Let s(a) = 300*a**3 - a. Let u be s(1). Suppose -z - 311 = -r, 0*r + r - u = 5*z. Suppose 2*o + 628 = 2*b + 2*b, r = 2*b + 5*o. Is b a composite number?
False
Suppose -2*f + 995 = -5*q, 3*q - 7*q - 20 = 0. Is f a prime number?
False
Suppose -111 - 9 = -4*m + 2*r, -2*r = 4*m - 104. Let o be m/8 + 2/(-4). Suppose 109 = o*c - 2*c. Is c composite?
False
Let j = 26 - -17. Let c = j - -151. Is c prime?
False
Let q(k) = k**3 - 2*k**2 + 2*k - 4. Suppose 0*g - 5*g = -15. Is q(g) prime?
True
Let z = -578 + 1080. Is z a prime number?
False
Let w = -315 - -455. Let x = w - 25. Is x composite?
True
Let j(t) = 35*t**2 + 5*t - 18. Is j(4) a composite number?
True
Suppose 0 = 5*b - 7433 - 4982. Is b a composite number?
True
Suppose -5*c = -6*c + 191. Is c a composite number?
False
Suppose z + 4*z + 14 = 2*w, -2*w - 3*z = 2. Suppose -w*q + 590 = -0*q. Is q a prime number?
False
Let h = 989 - 449. Let t = h - 307. Is t a prime number?
True
Suppose 0 = -5*a - 5*c, 4*c = 2 - 14. Suppose -a*d + 5*h = -24, -3*d + h - 12 = -8*d. Suppose 5*w - d*w - 102 = 0. Is w a prime number?
False
Let j = 330 + -589. Let n = -132 - j. Is n composite?
False
Let m(t) = -90*t + 2. Let l be m(-5). Suppose 4*g - l = -0*g. Is g prime?
True
Let s(d) = -3*d**3 + 11*d**2 - 10*d + 4. Let f(b) = -b**3 + b**2 + b - 1. Let a(t) = 2*f(t) - s(t). Let u be a(8). Let j = u + 21. Is j prime?
True
Let n(d) = -d + 1. Let v be n(-2). Suppose 5*l + 4*j = 263, -j + 156 = v*l + 2*j. Is l a composite number?
True
Let m(y) = -y - 9. Let x be m(-5). Let d = 6 - x. Is d a composite number?
True
Suppose 103 = -4*m + 31. Let y = m - -8. Is 0 + (0 + 1 - y) prime?
True
Let i(h) = 365*h + 11. Is i(10) a prime number?
False
Is (-1)/4 - 340/(-16) composite?
True
Let s(l) be the second derivative of l**4/12 - l**3/6 + 5*l**2/2 + 7*l. Is s(6) a composite number?
True
Is 15/30 + -2 + (-3170)/(-4) prime?
False
Suppose -2304 = -3*g + g + 2*d, 4*g - 4583 = -d. Is g composite?
True
Suppose 0*g + 4*g = -8. Let r be (30/(-4))/(1/g). Suppose -4*y + 3*j = -98 - r, -2*y = -j - 55. Is y a composite number?
True
Let w = 12 - 8. Suppose w*t = 5*o - 139, 3*o - 23 = 2*o - 4*t. Let i = 100 + o. Is i prime?
True
Suppose 0 = 5*u - 0*s - 3*s + 27, 4*u - 5*s + 32 = 0. Is (-3 + 1 - u) + 210 a composite number?
False
Let m = 4 - -1. Suppose m*l - 2*d = 123, -46 + 112 = 2*l - 5*d. Is l prime?
True
Suppose -a = q - 3*a - 1, -5*q - 5*a + 20 = 0. Suppose -x = j + q*j - 18, 0 = -x - 2. Suppose -y = -3*m - 104, -150 = -j*y - 5*m + 310. Is y composite?
True
Suppose 4*u = -0 + 8. Suppose -u*b - 2*w + 58 = 0, -2*b + 3*w + 94 - 26 = 0. Is b a prime number?
True
Suppose -3*m + 2213 = -4738. Is m composite?
True
Is ((-17)/2)/(6/(-276)) composite?
True
Suppose 2*k = 3*u - 2*u - 47, -4*k = 3*u - 171. Let d = 91 - u. Is d a composite number?
True
Let a = 9152 + 1817. Is a composite?
True
Suppose 3*q + 1922 - 200 = 0. Is q/(-10) - (-8)/(-20) a composite number?
True
Let t(m) = 7*m**2 + 3*m + 1. Suppose 3*n = -2 - 7. Is t(n) a prime number?
False
Let w be (1 + -2)*(1 - 2). Is (w/(-2))/(1/(-286)) a composite number?
True
Let x(l) = -41*l - 3. Let y(o) = o + 1. Let a be y(-3). Is x(a) composite?
False
Let u(q) = -q**2 + q + 1. Let o(f) = -4*f**2 + 13*f + 9. Let v(x) = o(x) - 5*u(x). Let y be v(-8). Suppose -y*p + 158 = -2*p. Is p prime?
True
Suppose -m - 3899 = -4*w, -4*w = 6*m - 3*m - 3887. Is w a composite number?
True
Let v(b) = -b**3 + 3. Let x be v(0). Let s(k) = 7*k**2 + k**x + 4*k**2 - k**2 - 5 + 4 + 5*k. Is s(-9) composite?
True
Let f(s) = s + 14. Is f(-11) a composite number?
False
Let t = -535 + 798. Is t a composite 